 617
List the prime factors of 3013.
23, 131
What are the prime factors of 1995?
3, 5, 7, 19
List the prime factors of 10240.
2, 5
What are the prime factors of 9930?
2, 3, 5, 331
What are the prime factors of 45157?
7, 6451
List the prime factors of 200.
2, 5
What are the prime factors of 9393?
3, 31, 101
List the prime factors of 9001.
9001
List the prime factors of 5613.
3, 1871
What are the prime factors of 815?
5, 163
What are the prime factors of 2458?
2, 1229
List the prime factors of 8035.
5, 1607
List the prime factors of 997.
997
What are the prime factors of 578?
2, 17
List the prime factors of 519.
3, 173
List the prime factors of 125937.
3, 7, 1999
What are the prime factors of 73594?
2, 31, 1187
List the prime factors of 174.
2, 3, 29
What are the prime factors of 4282?
2, 2141
What are the prime factors of 135054?
2, 3, 41, 61
What are the prime factors of 5396?
2, 19, 71
List the prime factors of 32158.
2, 7, 2297
List the prime factors of 14070.
2, 3, 5, 7, 67
List the prime factors of 651.
3, 7, 31
What are the prime factors of 34053?
3, 11351
What are the prime factors of 7132?
2, 1783
List the prime factors of 7427.
7, 1061
List the prime factors of 11286.
2, 3, 11, 19
What are the prime factors of 145881?
3, 1801
List the prime factors of 3516.
2, 3, 293
What are the prime factors of 14624?
2, 457
What are the prime factors of 71667?
3, 7963
What are the prime factors of 4466?
2, 7, 11, 29
List the prime factors of 61466.
2, 73, 421
List the prime factors of 16262.
2, 47, 173
What are the prime factors of 4210?
2, 5, 421
What are the prime factors of 12936?
2, 3, 7, 11
What are the prime factors of 38053?
38053
What are the prime factors of 144072?
2, 3, 23, 29
What are the prime factors of 488?
2, 61
List the prime factors of 1478.
2, 739
List the prime factors of 65336.
2, 8167
List the prime factors of 98.
2, 7
What are the prime factors of 1119?
3, 373
List the prime factors of 25347.
3, 7, 17, 71
List the prime factors of 25724.
2, 59, 109
What are the prime factors of 10536?
2, 3, 439
List the prime factors of 17200.
2, 5, 43
What are the prime factors of 28173?
3, 9391
List the prime factors of 762.
2, 3, 127
List the prime factors of 974.
2, 487
What are the prime factors of 15203?
23, 661
What are the prime factors of 55525?
5, 2221
What are the prime factors of 1829?
31, 59
What are the prime factors of 10776?
2, 3, 449
What are the prime factors of 347?
347
What are the prime factors of 11051?
43, 257
List the prime factors of 353.
353
What are the prime factors of 8404?
2, 11, 191
What are the prime factors of 362?
2, 181
What are the prime factors of 523?
523
List the prime factors of 8234.
2, 23, 179
List the prime factors of 158360.
2, 5, 37, 107
List the prime factors of 747.
3, 83
List the prime factors of 1654.
2, 827
List the prime factors of 675.
3, 5
List the prime factors of 27.
3
List the prime factors of 8997.
3, 2999
List the prime factors of 73270.
2, 5, 17, 431
What are the prime factors of 581?
7, 83
List the prime factors of 2095.
5, 419
List the prime factors of 112.
2, 7
What are the prime factors of 124?
2, 31
List the prime factors of 1196.
2, 13, 23
What are the prime factors of 20599?
20599
What are the prime factors of 5025?
3, 5, 67
List the prime factors of 9872.
2, 617
List the prime factors of 6300.
2, 3, 5, 7
List the prime factors of 49700.
2, 5, 7, 71
List the prime factors of 8503.
11, 773
List the prime factors of 71620.
2, 5, 3581
What are the prime factors of 1764?
2, 3, 7
What are the prime factors of 1728?
2, 3
What are the prime factors of 16292?
2, 4073
List the prime factors of 1244.
2, 311
List the prime factors of 27772.
2, 53, 131
What are the prime factors of 2692?
2, 673
List the prime factors of 1814.
2, 907
What are the prime factors of 55433?
7, 7919
What are the prime factors of 52381?
7, 1069
What are the prime factors of 41491?
41491
List the prime factors of 266.
2, 7, 19
List the prime factors of 600.
2, 3, 5
What are the prime factors of 31260?
2, 3, 5, 521
List the prime factors of 49263.
3, 16421
What are the prime factors of 752?
2, 47
What are the prime factors of 8710?
2, 5, 13, 67
What are the prime factors of 7915?
5, 1583
List the prime factors of 3194.
2, 1597
What are the prime factors of 39257?
37, 1061
List the prime factors of 1548.
2, 3, 43
What are the prime factors of 1695?
3, 5, 113
What are the prime factors of 620?
2, 5, 31
What are the prime factors of 1014?
2, 3, 13
List the prime factors of 18512.
2, 13, 89
What are the prime factors of 9782?
2, 67, 73
What are the prime factors of 5350?
2, 5, 107
What are the prime factors of 1746?
2, 3, 97
What are the prime factors of 9494?
2, 47, 101
List the prime factors of 1135.
5, 227
List the prime factors of 8228.
2, 11, 17
What are the prime factors of 3058?
2, 11, 139
List the prime factors of 22573.
22573
List the prime factors of 599.
599
What are the prime factors of 36650?
2, 5, 733
List the prime factors of 1642.
2, 821
List the prime factors of 4862.
2, 11, 13, 17
List the prime factors of 946.
2, 11, 43
What are the prime factors of 10514?
2, 7, 751
List the prime factors of 18565.
5, 47, 79
List the prime factors of 11365.
5, 2273
List the prime factors of 1671.
3, 557
What are the prime factors of 24198?
2, 3, 37, 109
What are the prime factors of 111?
3, 37
List the prime factors of 7655.
5, 1531
What are the prime factors of 4280?
2, 5, 107
List the prime factors of 13405.
5, 7, 383
List the prime factors of 67333.
7, 9619
What are the prime factors of 2796?
2, 3, 233
List the prime factors of 1405.
5, 281
What are the prime factors of 7180?
2, 5, 359
What are the prime factors of 313?
313
List the prime factors of 6347.
11, 577
What are the prime factors of 344?
2, 43
List the prime factors of 1667.
1667
List the prime factors of 5075.
5, 7, 29
What are the prime factors of 20737?
89, 233
What are the prime factors of 975?
3, 5, 13
List the prime factors of 27616.
2, 863
List the prime factors of 1192.
2, 149
What are the prime factors of 24913?
7, 3559
What are the prime factors of 15800?
2, 5, 79
What are the prime factors of 334?
2, 167
List the prime factors of 360.
2, 3, 5
What are the prime factors of 18069?
3, 19, 317
What are the prime factors of 13425?
3, 5, 179
List the prime factors of 18977.
7, 2711
List the prime factors of 247.
13, 19
What are the prime factors of 63212?
2, 15803
List the prime factors of 3119.
3119
List the prime factors of 54233.
193, 281
List the prime factors of 26219.
157, 167
What are the prime factors of 188257?
79, 2383
List the prime factors of 1580.
2, 5, 79
What are the prime factors of 494?
2, 13, 19
List the prime factors of 4687.
43, 109
What are the prime factors of 1227?
3, 409
What are the prime factors of 1006?
2, 503
List the prime factors of 4598.
2, 11, 19
List the prime factors of 2501.
41, 61
List the prime factors of 8096.
2, 11, 23
List the prime factors of 27616.
2, 863
List the prime factors of 3133.
13, 241
List the prime factors of 1836.
2, 3, 17
List the prime factors of 567.
3, 7
What are the prime factors of 1607?
1607
List the prime factors of 36617.
7, 5231
List the prime factors of 427.
7, 61
List the prime factors of 21339.
3, 2371
List the prime factors of 15525.
3, 5, 23
What are the prime factors of 12908?
2, 7, 461
What are the prime factors of 3012?
2, 3, 251
What are the prime factors of 7869?
3, 43, 61
List the prime factors of 2931.
3, 977
What are the prime factors of 740?
2, 5, 37
List the prime factors of 15832.
2, 1979
List the prime factors of 769.
769
What are the prime factors of 2648?
2, 331
What are the prime factors of 4448?
2, 139
What are the prime factors of 54305?
5, 10861
What are the prime factors of 12094?
2, 6047
List the prime factors of 63761.
63761
What are the prime factors of 5248?
2, 41
List the prime factors of 857.
857
List the prime factors of 426.
2, 3, 71
What are the prime factors of 4489?
67
What are the prime factors of 25619?
11, 17, 137
What are the prime factors of 3082?
2, 23, 67
List the prime factors of 58609.
29, 43, 47
What are the prime factors of 1354?
2, 677
List the prime factors of 1781.
13, 137
What are the prime factors of 13318?
2, 6659
List the prime fa